onvert 326d7 (base 14) to base 15.
262a1
What is 93034 (base 15) in base 2?
1110001101110000111
-110b64 (base 12) to base 6
-5451404
Convert 1000200000 (base 3) to base 8.
47311
-314434014 (base 5) to base 4
-11010010120
What is 784b4 (base 15) in base 2?
1011101010111101100
What is -11112122111 (base 3) in base 5?
-10330120
-2506d5 (base 16) to base 10
-2426581
925ac (base 14) to base 4
1112001230
-1213340112 (base 5) to base 4
-22330333302
Convert 29169 (base 12) to base 16.
dfa1
287dcd (base 16) to base 9
4884104
Convert 121210203321 (base 4) to base 16.
6648f9
Convert -5a36a2 (base 11) to base 4.
-3221201100
What is 227282 (base 11) in base 4?
1120021021
Convert 11000010100100001 (base 2) to base 10.
99617
Convert 44021 (base 8) to base 9.
27268
653452 (base 8) to base 4
311130222
101220001000 (base 3) to base 9
356030
-130103111 (base 4) to base 13
-409c4
114413423 (base 5) to base 6
15402303
Convert 110011111110000 (base 2) to base 14.
99a8
Convert -55b02 (base 12) to base 11.
-78641
1150666 (base 7) to base 13
51a87
-13022485 (base 10) to base 16
-c6b515
Convert -241637 (base 10) to base 6.
-5102405
What is -5021062 (base 7) in base 15?
-bac74
What is 12414166 (base 7) in base 15?
174be4
What is -23535511 (base 6) in base 11?
-468980
What is 110021 (base 6) in base 8?
21575
What is -13064510 (base 9) in base 8?
-30373024
Convert -200123112 (base 4) to base 16.
-206d6
What is 1c9a (base 16) in base 4?
1302122
Convert -2024544 (base 8) to base 2.
-10000010100101100100
541680 (base 9) to base 13
b3bbc
1002202220222 (base 3) to base 7
4660430
100100210002002 (base 3) to base 14
937317
-454a1 (base 13) to base 14
-33d08
Convert -3002302212 (base 4) to base 8.
-3026246
Convert -212aa7 (base 15) to base 8.
-6013044
-37343 (base 10) to base 4
-21013133
What is 37071385 (base 9) in base 16?
1146d82
What is 73656 (base 16) in base 2?
1110011011001010110
110013230213 (base 4) to base 9
10828112
13caa6 (base 13) to base 4
1312130232
What is 240985 (base 10) in base 3?
110020120101
Convert -572b53 (base 13) to base 16.
-1f7979
What is -319574 (base 10) in base 12?
-134b32
Convert 14770332 (base 8) to base 14.
648746
100110111001011001 (base 2) to base 14
420c1
Convert 11241304 (base 5) to base 7.
605300
Convert 3944 (base 10) to base 16.
f68
Convert -4434466 (base 8) to base 10.
-1194294
What is -201120220 (base 6) in base 9?
-6376303
Convert 111100010010010101 (base 2) to base 4.
330102111
Convert 21623005 (base 7) to base 3.
10112002002121
What is 13a8a49 (base 12) in base 7?
45422040
-1035523 (base 6) to base 2
-1100101001101011
Convert -4798b4 (base 15) to base 13.
-92b786
What is -310052311 (base 6) in base 2?
-10100010100001111110011
What is 288702 (base 9) in base 8?
531533
Convert -53778 (base 12) to base 6.
-2205032
What is -88698 (base 14) in base 12?
-13b392
Convert 110003021 (base 4) to base 10.
82121
-759e (base 16) to base 2
-111010110011110
-1120121022101 (base 3) to base 16
-ccbb0
67b1b (base 14) to base 16
3d7ed
What is -123476 (base 8) in base 16?
-a73e
Convert -121122101112 (base 3) to base 12.
-139705
Convert -981276 (base 10) to base 5.
-222400101
What is 2a5b73 (base 15) in base 3?
10211212110200
-47142601 (base 8) to base 4
-213030112001
What is 52122035 (base 6) in base 5?
341110230
750832 (base 9) to base 7
3540461
What is -2140333 (base 9) in base 11?
-714934
11694b6 (base 12) to base 15
46a233
Convert 4043243 (base 5) to base 13.
23a36
Convert -61332202 (base 7) to base 6.
-301403141
Convert -1006031 (base 10) to base 14.
-1c28b5
What is 37559 (base 14) in base 5?
13314030
What is -2203131312 (base 4) in base 3?
-1021000110110
-101111101212 (base 3) to base 8
-623410
-64d22 (base 15) to base 9
-537215
132330002321 (base 4) to base 8
36740271
What is 2323213 (base 4) in base 11?
9026
What is -649620 (base 10) in base 5?
-131241440
458905 (base 11) to base 8
2620077
311544220 (base 6) to base 9
11155663
-420533 (base 6) to base 3
-1201111110
-126249 (base 10) to base 8
-366451
Convert 41034011 (base 5) to base 4.
1100230022
Convert -4e94a6 (base 15) to base 3.
-21002221000010
14500031 (base 6) to base 16
7b673
What is 5b55c (base 13) in base 5?
20333034
-274280 (base 9) to base 6
-3325543
What is -14127014 (base 8) in base 11?
-18899a9
What is -2550675 (base 9) in base 5?
-324011421
108c37 (base 13) to base 14
a2687
Convert -1123223 (base 8) to base 7.
-2406410
Convert -163623220 (base 7) to base 11.
-633702a
Convert -422a274 (base 11) to base 5.
-3401420021
Convert -210110011020 (base 3) to base 14.
-adc17
Convert -19d60e (base 15) to base 11.
-790922
-650626 (base 8) to base 6
-4354530
What is -2ca4b6 (base 13) in base 2?
-100001110100010010001
Convert 230ca (base 14) to base 4.
110303322
-119c45 (base 13) to base 15
-84e42
-20654520 (base 7) to base 14
-33bd80
What is 110133320 (base 6) in base 10?
1971984
What is 7658eb (base 16) in base 15?
a33126
744850 (base 10) to base 8
2656622
-3304632 (base 7) to base 12
-1764a9
Convert -bc2531 (base 13) to base 6.
-234555334
What is 10309738 (base 10) in base 13?
219c84a
Convert 19376 (base 13) to base 2.
1011111100101010
2123625 (base 7) to base 9
433223
89570 (base 10) to base 12
43a02
Convert 687577 (base 10) to base 14.
13c809
Convert 46976 (base 10) to base 6.
1001252
What is -1101111102221 (base 3) in base 7?
-6162544
What is -10878 (base 11) in base 5?
-1000234
Convert -9b081a (base 13) to base 10.
-3657183
Convert 2060700 (base 8) to base 13.
16304a
Convert 1520605 (base 7) to base 2.
110010011111000001
What is 430106 (base 9) in base 13?
8c679
What is -40205021 (base 6) in base 2?
-100010101011100000101
What is -47777 (base 11) in base 16?
-10ccc
118786 (base 11) to base 16
2db91
What is -6638575 (base 9) in base 2?
-1101100111010100100000
What is -1236cc (base 14) in base 13?
-18b19a
-10100120221201 (base 3) to base 10
-1783099
25a3 (base 15) to base 11
6039
-17564a (base 11) to base 7
-2206003
What is -25a88 (base 13) in base 14?
-1b697
Convert 77b6c (base 15) to base 10.
380577
-c81a2 (base 13) to base 4
-1120002201
305023113 (base 7) to base 6
1435225150
Convert -1505276 (base 8) to base 16.
-68abe
What is -7807b (base 15) in base 3?
-201101022022
Convert -5844da (base 15) to base 9.
-7835827
Convert 20441206 (base 7) to base 3.
10020121101101
-77798 (base 11) to base 4
-123201312
Convert 82925 (base 10) to base 13.
2b98b
Convert 21211121002 (base 3) to base 11.
a5990
What is -2a64d1 (base 15) in base 8?
-7634612
What is 211220221001 (base 3) in base 14?
ba606
-392860 (base 10) to base 16
-5fe9c
What is 33330121012 (base 4) in base 6?
225325354
Convert -2884 (base 15) to base 13.
-3c43
Convert -513501323 (base 6) to base 16.
-872673
Convert -bb6798 (base 14) to base 15.
-858690
What is aa53a9 (base 12) in base 16?
2945f1
Convert 214323232 (base 5) to base 11.
587a2a
-1112114 (base 6) to base 9
-85081
36693b (base 13) to base 12
528392
4211331 (base 6) to base 15
405ca
What is -1555971 (base 10) in base 15?
-20b066
What is -113033 (base 9) in base 13?
-24b46
Convert -33003102110 (base 4) to base 12.
-13a3418
Convert -8757a (base 12) to base 15.
-37e9d
What is 261917 (base 11) in base 3?
202221200120
Convert -50555351 (base 6) to base 3.
-2201110220011
Convert 100111001010101001010 (base 2) to base 6.
43301402
What is -3244552 (base 7) in base 9?
-665631
What is -270535 (base 11) in base 3?
-210121022100
Convert 10002221 (base 6) to base 7.
2245435
-10342031023 (base 5) to base 9
-23206648
What is 414150 (base 7) in base 12?
35179
What is 430003 (base 12) in base 11?
6625aa
Convert 94846 (base 13) to base 8.
1011757
1a75c (base 16) to base 3
12111200002
Convert 102000110122 (base 3) to base 12.
a55b2
What is -4364531 (base 9) in base 3?
-11102011121001
What is d5a95 (base 16) in base 13?
24845a
313675 (base 10) to base 9
527247
1460117 (base 10) to base 7
15260621
10200020102201 (base 3) to base 12
7a2477
What is 1307881 (base 10) in base 14?
2608c1
Convert 54730 (base 9) to base 3.
1211211000
10001101000010000 (base 2) to base 12
35954
Convert 4001332 (base 7) to base 10.
471109
What is 110001110001101100000 (base 2) in base 13?
451541
-680c3 (base 16) to base 4
-1220003003
Convert 90739d (base 16) to base 15.
c6ee8b
Convert 3522000 (base 6) to base 4.
230121300
